[INFO] cloning repository https://github.com/Robbepop/non-pdsl-example
[INFO] running `Command { std: "git" "-c" "credential.helper=" "-c" "credential.helper=/workspace/cargo-home/bin/git-credential-null" "clone" "--bare" "https://github.com/Robbepop/non-pdsl-example" "/workspace/cache/git-repos/https%3A%2F%2Fgithub.com%2FRobbepop%2Fnon-pdsl-example", kill_on_drop: false }`
[INFO] [stderr] Cloning into bare repository '/workspace/cache/git-repos/https%3A%2F%2Fgithub.com%2FRobbepop%2Fnon-pdsl-example'...
[INFO] running `Command { std: "git" "rev-parse" "HEAD", kill_on_drop: false }`
[INFO] [stdout] 91dded334b5b0dd4064be6d402e7b5694c7cffe1
[INFO] building Robbepop/non-pdsl-example against master#ff34b919075f35a1787659e9c448a34b06bab8de for issue-85264
[INFO] running `Command { std: "git" "clone" "/workspace/cache/git-repos/https%3A%2F%2Fgithub.com%2FRobbepop%2Fnon-pdsl-example" "/workspace/builds/worker-4/source", kill_on_drop: false }`
[INFO] [stderr] Cloning into '/workspace/builds/worker-4/source'...
[INFO] [stderr] done.
[INFO] validating manifest of git repo https://github.com/Robbepop/non-pdsl-example on toolchain ff34b919075f35a1787659e9c448a34b06bab8de
[INFO] running `Command { std: "/workspace/cargo-home/bin/cargo" "+ff34b919075f35a1787659e9c448a34b06bab8de" "metadata" "--manifest-path" "Cargo.toml" "--no-deps", kill_on_drop: false }`
[INFO] removed /workspace/builds/worker-4/source/.cargo/config
[INFO] removed /workspace/builds/worker-4/source/rust-toolchain
[INFO] started tweaking git repo https://github.com/Robbepop/non-pdsl-example
[INFO] finished tweaking git repo https://github.com/Robbepop/non-pdsl-example
[INFO] tweaked toml for git repo https://github.com/Robbepop/non-pdsl-example written to /workspace/builds/worker-4/source/Cargo.toml
[INFO] crate git repo https://github.com/Robbepop/non-pdsl-example already has a lockfile, it will not be regenerated
[INFO] running `Command { std: "/workspace/cargo-home/bin/cargo" "+ff34b919075f35a1787659e9c448a34b06bab8de" "fetch" "--manifest-path" "Cargo.toml", kill_on_drop: false }`
[INFO] [stderr]     Blocking waiting for file lock on package cache
[INFO] running `Command { std: "docker" "create" "-v" "/var/lib/crater-agent-workspace/builds/worker-4/target:/opt/rustwide/target:rw,Z" "-v" "/var/lib/crater-agent-workspace/builds/worker-4/source:/opt/rustwide/workdir:ro,Z" "-v" "/var/lib/crater-agent-workspace/cargo-home:/opt/rustwide/cargo-home:ro,Z" "-v" "/var/lib/crater-agent-workspace/rustup-home:/opt/rustwide/rustup-home:ro,Z" "-e" "SOURCE_DIR=/opt/rustwide/workdir" "-e" "CARGO_TARGET_DIR=/opt/rustwide/target" "-e" "CARGO_HOME=/opt/rustwide/cargo-home" "-e" "RUSTUP_HOME=/opt/rustwide/rustup-home" "-w" "/opt/rustwide/workdir" "-m" "1610612736" "--user" "0:0" "--network" "none" "ghcr.io/rust-lang/crates-build-env/linux@sha256:20528e8c29e4536546f0102ce88568b16ea7538393a33fcca951030f7af10457" "/opt/rustwide/cargo-home/bin/cargo" "+ff34b919075f35a1787659e9c448a34b06bab8de" "metadata" "--no-deps" "--format-version=1", kill_on_drop: false }`
[INFO] [stdout] 09ddfb92a6a6045a3f88062a6b56519e913feaea356947553637c3d6d1f2e19a
[INFO] [stderr] WARNING: Your kernel does not support swap limit capabilities or the cgroup is not mounted. Memory limited without swap.
[INFO] running `Command { std: "docker" "start" "-a" "09ddfb92a6a6045a3f88062a6b56519e913feaea356947553637c3d6d1f2e19a", kill_on_drop: false }`
[INFO] running `Command { std: "docker" "inspect" "09ddfb92a6a6045a3f88062a6b56519e913feaea356947553637c3d6d1f2e19a", kill_on_drop: false }`
[INFO] running `Command { std: "docker" "rm" "-f" "09ddfb92a6a6045a3f88062a6b56519e913feaea356947553637c3d6d1f2e19a", kill_on_drop: false }`
[INFO] [stdout] 09ddfb92a6a6045a3f88062a6b56519e913feaea356947553637c3d6d1f2e19a
[INFO] running `Command { std: "docker" "create" "-v" "/var/lib/crater-agent-workspace/builds/worker-4/target:/opt/rustwide/target:rw,Z" "-v" "/var/lib/crater-agent-workspace/builds/worker-4/source:/opt/rustwide/workdir:ro,Z" "-v" "/var/lib/crater-agent-workspace/cargo-home:/opt/rustwide/cargo-home:ro,Z" "-v" "/var/lib/crater-agent-workspace/rustup-home:/opt/rustwide/rustup-home:ro,Z" "-e" "SOURCE_DIR=/opt/rustwide/workdir" "-e" "CARGO_TARGET_DIR=/opt/rustwide/target" "-e" "CARGO_INCREMENTAL=0" "-e" "RUST_BACKTRACE=full" "-e" "RUSTFLAGS=--cap-lints=forbid" "-e" "CARGO_HOME=/opt/rustwide/cargo-home" "-e" "RUSTUP_HOME=/opt/rustwide/rustup-home" "-w" "/opt/rustwide/workdir" "-m" "1610612736" "--user" "0:0" "--network" "none" "ghcr.io/rust-lang/crates-build-env/linux@sha256:20528e8c29e4536546f0102ce88568b16ea7538393a33fcca951030f7af10457" "/opt/rustwide/cargo-home/bin/cargo" "+ff34b919075f35a1787659e9c448a34b06bab8de" "build" "--frozen" "--message-format=json", kill_on_drop: false }`
[INFO] [stdout] 8b3e312b6cb85f0c0f66beac92627fc08a93dded7f0de51f72bbded462a4c628
[INFO] [stderr] WARNING: Your kernel does not support swap limit capabilities or the cgroup is not mounted. Memory limited without swap.
[INFO] running `Command { std: "docker" "start" "-a" "8b3e312b6cb85f0c0f66beac92627fc08a93dded7f0de51f72bbded462a4c628", kill_on_drop: false }`
[INFO] [stderr]    Compiling serde v1.0.90
[INFO] [stderr]    Compiling proc-macro2 v0.4.27
[INFO] [stderr]    Compiling unicode-xid v0.1.0
[INFO] [stderr]    Compiling syn v0.15.30
[INFO] [stderr]    Compiling arrayvec v0.4.10
[INFO] [stderr]    Compiling libc v0.2.51
[INFO] [stderr]    Compiling wee_alloc v0.4.3
[INFO] [stderr]    Compiling void v1.0.2
[INFO] [stderr]    Compiling nodrop v0.1.13
[INFO] [stderr]    Compiling memory_units v0.4.0
[INFO] [stderr]    Compiling cfg-if v0.1.7
[INFO] [stderr]    Compiling unreachable v1.0.0
[INFO] [stderr]    Compiling quote v0.6.12
[INFO] [stderr]    Compiling toml v0.4.10
[INFO] [stderr]    Compiling proc-macro-crate v0.1.3
[INFO] [stderr]    Compiling parity-codec-derive v3.3.0
[INFO] [stderr]    Compiling parity-codec v3.4.0
[INFO] [stderr]    Compiling contract v0.1.0 (/opt/rustwide/workdir)
[INFO] [stdout] warning: unnecessary `unsafe` block
[INFO] [stdout]   --> src/lib.rs:21:5
[INFO] [stdout]    |
[INFO] [stdout] 21 |     unsafe { core::intrinsics::abort() }
[INFO] [stdout]    |     ^^^^^^ unnecessary `unsafe` block
[INFO] [stdout]    |
[INFO] [stdout]    = note: `#[warn(unused_unsafe)]` on by default
[INFO] [stdout] 
[INFO] [stdout] 
[INFO] [stdout] warning: unnecessary `unsafe` block
[INFO] [stdout]   --> src/lib.rs:26:5
[INFO] [stdout]    |
[INFO] [stdout] 26 |     unsafe {
[INFO] [stdout]    |     ^^^^^^ unnecessary `unsafe` block
[INFO] [stdout] 
[INFO] [stdout] 
[INFO] [stdout] warning: the feature `alloc` has been stable since 1.36.0 and no longer requires an attribute to enable
[INFO] [stdout]  --> src/lib.rs:2:12
[INFO] [stdout]   |
[INFO] [stdout] 2 | #![feature(alloc, core_intrinsics, lang_items, alloc_error_handler)]
[INFO] [stdout]   |            ^^^^^
[INFO] [stdout]   |
[INFO] [stdout]   = note: `#[warn(stable_features)]` on by default
[INFO] [stdout] 
[INFO] [stdout] 
[INFO] [stdout] warning: `extern` fn uses type `Layout`, which is not FFI-safe
[INFO] [stdout]   --> src/lib.rs:25:26
[INFO] [stdout]    |
[INFO] [stdout] 25 | pub extern "C" fn oom(_: Layout) -> ! {
[INFO] [stdout]    |                          ^^^^^^ not FFI-safe
[INFO] [stdout]    |
[INFO] [stdout]    = note: `#[warn(improper_ctypes_definitions)]` on by default
[INFO] [stdout]    = help: consider adding a `#[repr(C)]` or `#[repr(transparent)]` attribute to this struct
[INFO] [stdout]    = note: this struct has unspecified layout
[INFO] [stdout] 
[INFO] [stdout] 
[INFO] [stdout] warning: 4 warnings emitted
[INFO] [stdout] 
[INFO] [stdout] 
[INFO] [stderr]     Finished dev [unoptimized + debuginfo] target(s) in 20.19s
[INFO] running `Command { std: "docker" "inspect" "8b3e312b6cb85f0c0f66beac92627fc08a93dded7f0de51f72bbded462a4c628", kill_on_drop: false }`
[INFO] running `Command { std: "docker" "rm" "-f" "8b3e312b6cb85f0c0f66beac92627fc08a93dded7f0de51f72bbded462a4c628", kill_on_drop: false }`
[INFO] [stdout] 8b3e312b6cb85f0c0f66beac92627fc08a93dded7f0de51f72bbded462a4c628
[INFO] running `Command { std: "docker" "create" "-v" "/var/lib/crater-agent-workspace/builds/worker-4/target:/opt/rustwide/target:rw,Z" "-v" "/var/lib/crater-agent-workspace/builds/worker-4/source:/opt/rustwide/workdir:ro,Z" "-v" "/var/lib/crater-agent-workspace/cargo-home:/opt/rustwide/cargo-home:ro,Z" "-v" "/var/lib/crater-agent-workspace/rustup-home:/opt/rustwide/rustup-home:ro,Z" "-e" "SOURCE_DIR=/opt/rustwide/workdir" "-e" "CARGO_TARGET_DIR=/opt/rustwide/target" "-e" "CARGO_INCREMENTAL=0" "-e" "RUST_BACKTRACE=full" "-e" "RUSTFLAGS=--cap-lints=forbid" "-e" "CARGO_HOME=/opt/rustwide/cargo-home" "-e" "RUSTUP_HOME=/opt/rustwide/rustup-home" "-w" "/opt/rustwide/workdir" "-m" "1610612736" "--user" "0:0" "--network" "none" "ghcr.io/rust-lang/crates-build-env/linux@sha256:20528e8c29e4536546f0102ce88568b16ea7538393a33fcca951030f7af10457" "/opt/rustwide/cargo-home/bin/cargo" "+ff34b919075f35a1787659e9c448a34b06bab8de" "test" "--frozen" "--no-run" "--message-format=json", kill_on_drop: false }`
[INFO] [stdout] e03a915a35708ab748d02a076effe4d7e30ac34ec9b3f0fc05d23b16ec15c285
[INFO] [stderr] WARNING: Your kernel does not support swap limit capabilities or the cgroup is not mounted. Memory limited without swap.
[INFO] running `Command { std: "docker" "start" "-a" "e03a915a35708ab748d02a076effe4d7e30ac34ec9b3f0fc05d23b16ec15c285", kill_on_drop: false }`
[INFO] [stderr]    Compiling contract v0.1.0 (/opt/rustwide/workdir)
[INFO] [stdout] error[E0152]: found duplicate lang item `panic_impl`
[INFO] [stdout]   --> src/lib.rs:20:1
[INFO] [stdout]    |
[INFO] [stdout] 20 | pub fn panic(_info: &PanicInfo) -> ! {
[INFO] [stdout]    | ^^^^^^^^^^^^^^^^^^^^^^^^^^^^^^^^^^^^
[INFO] [stdout]    |
[INFO] [stdout]    = note: the lang item is first defined in crate `std` (which `test` depends on)
[INFO] [stdout]    = note: first definition in `std` loaded from /opt/rustwide/rustup-home/toolchains/ff34b919075f35a1787659e9c448a34b06bab8de/lib/rustlib/x86_64-unknown-linux-gnu/lib/libstd-c6dddd3d354e6bea.so, /opt/rustwide/rustup-home/toolchains/ff34b919075f35a1787659e9c448a34b06bab8de/lib/rustlib/x86_64-unknown-linux-gnu/lib/libstd-c6dddd3d354e6bea.rlib
[INFO] [stdout]    = note: second definition in the local crate (`contract`)
[INFO] [stdout] 
[INFO] [stdout] 
[INFO] [stdout] error[E0152]: found duplicate lang item `oom`
[INFO] [stdout]   --> src/lib.rs:25:1
[INFO] [stdout]    |
[INFO] [stdout] 25 | pub extern "C" fn oom(_: Layout) -> ! {
[INFO] [stdout]    | ^^^^^^^^^^^^^^^^^^^^^^^^^^^^^^^^^^^^^
[INFO] [stdout]    |
[INFO] [stdout]    = note: the lang item is first defined in crate `std` (which `test` depends on)
[INFO] [stdout]    = note: first definition in `std` loaded from /opt/rustwide/rustup-home/toolchains/ff34b919075f35a1787659e9c448a34b06bab8de/lib/rustlib/x86_64-unknown-linux-gnu/lib/libstd-c6dddd3d354e6bea.so, /opt/rustwide/rustup-home/toolchains/ff34b919075f35a1787659e9c448a34b06bab8de/lib/rustlib/x86_64-unknown-linux-gnu/lib/libstd-c6dddd3d354e6bea.rlib
[INFO] [stdout]    = note: second definition in the local crate (`contract`)
[INFO] [stdout] 
[INFO] [stdout] 
[INFO] [stdout] error[E0152]: found duplicate lang item `eh_personality`
[INFO] [stdout]   --> src/lib.rs:32:1
[INFO] [stdout]    |
[INFO] [stdout] 32 | extern "C" fn eh_personality() {}
[INFO] [stdout]    | ^^^^^^^^^^^^^^^^^^^^^^^^^^^^^^
[INFO] [stdout]    |
[INFO] [stdout]    = note: the lang item is first defined in crate `panic_unwind` (which `std` depends on)
[INFO] [stdout]    = note: first definition in `panic_unwind` loaded from /opt/rustwide/rustup-home/toolchains/ff34b919075f35a1787659e9c448a34b06bab8de/lib/rustlib/x86_64-unknown-linux-gnu/lib/libpanic_unwind-c2ca47afdcc5e309.rlib
[INFO] [stdout]    = note: second definition in the local crate (`contract`)
[INFO] [stdout] 
[INFO] [stdout] 
[INFO] [stdout] error: aborting due to 3 previous errors
[INFO] [stdout] 
[INFO] [stdout] 
[INFO] [stderr] error: could not compile `contract`
[INFO] [stdout] For more information about this error, try `rustc --explain E0152`.
[INFO] [stdout] 
[INFO] [stderr] 
[INFO] [stderr] To learn more, run the command again with --verbose.
[INFO] running `Command { std: "docker" "inspect" "e03a915a35708ab748d02a076effe4d7e30ac34ec9b3f0fc05d23b16ec15c285", kill_on_drop: false }`
[INFO] running `Command { std: "docker" "rm" "-f" "e03a915a35708ab748d02a076effe4d7e30ac34ec9b3f0fc05d23b16ec15c285", kill_on_drop: false }`
[INFO] [stdout] e03a915a35708ab748d02a076effe4d7e30ac34ec9b3f0fc05d23b16ec15c285
